 253789
List the prime factors of 1224380495.
5, 13, 31, 43, 1087
List the prime factors of 943958016.
2, 3, 43, 397
What are the prime factors of 856370431?
7, 23, 199, 26729
What are the prime factors of 104222963?
13, 53, 331, 457
What are the prime factors of 314808035?
5, 653, 96419
List the prime factors of 75634516.
2, 19, 113, 8807
List the prime factors of 90546200.
2, 5, 452731
What are the prime factors of 666389962?
2, 7, 4793, 9931
List the prime factors of 1135451019.
3, 1321, 286513
List the prime factors of 267952315.
5, 29, 97, 19051
What are the prime factors of 1073273009?
1073273009
What are the prime factors of 15323927?
47, 571
What are the prime factors of 630669800?
2, 5, 353, 8933
What are the prime factors of 986739570?
2, 3, 5, 1218197
What are the prime factors of 36670176?
2, 3, 157, 811
List the prime factors of 155636823.
3, 29, 43, 41603
What are the prime factors of 934710878?
2, 1103, 423713
What are the prime factors of 15675381?
3, 569, 3061
What are the prime factors of 104756934?
2, 3, 17459489
List the prime factors of 36304810.
2, 5, 23, 29, 5443
What are the prime factors of 22197161?
7, 1627, 1949
What are the prime factors of 113340159?
3, 23, 547537
List the prime factors of 18219011.
229, 79559
What are the prime factors of 131999335?
5, 13, 2030759
What are the prime factors of 201434389?
13, 311, 49823
List the prime factors of 3683772073.
3683772073
List the prime factors of 1077225657.
3, 61, 137, 42967
List the prime factors of 4169447425.
5, 11, 13, 1069, 1091
What are the prime factors of 370526630?
2, 5, 191, 193993
What are the prime factors of 95130780?
2, 3, 5, 1585513
What are the prime factors of 7157797?
7157797
What are the prime factors of 191868644?
2, 11, 4360651
List the prime factors of 2541714347.
479, 5306293
List the prime factors of 25868635.
5, 13, 149, 2671
List the prime factors of 1455504933.
3, 485168311
What are the prime factors of 1693595345?
5, 13, 26055313
List the prime factors of 950302756.
2, 13, 41, 269, 1657
What are the prime factors of 2219213535?
3, 5, 7, 11, 23, 139, 601
List the prime factors of 3639220.
2, 5, 13, 13997
List the prime factors of 47135541.
3, 251, 62597
List the prime factors of 6379706939.
661, 9651599
What are the prime factors of 261576071?
261576071
What are the prime factors of 141315113?
317, 445789
What are the prime factors of 569158113?
3, 17, 11159963
List the prime factors of 52773793.
1657, 31849
What are the prime factors of 6377199?
3, 2125733
List the prime factors of 93128151.
3, 61, 179, 2843
What are the prime factors of 54886757?
54886757
What are the prime factors of 1733348664?
2, 3, 4211, 5717
List the prime factors of 49217371.
7, 2417, 2909
List the prime factors of 5475322786.
2, 29, 6469, 14593
List the prime factors of 2095037912.
2, 11, 23807249
List the prime factors of 395721589.
395721589
What are the prime factors of 150196640?
2, 5, 11, 61, 1399
List the prime factors of 140878641.
3, 46959547
What are the prime factors of 235045545?
3, 5, 7, 2238529
List the prime factors of 1520409212.
2, 7, 17, 829, 3853
What are the prime factors of 1932751234?
2, 31, 41, 89, 8543
List the prime factors of 2005677780.
2, 3, 5, 1663, 20101
List the prime factors of 4671703543.
13, 421, 503, 1697
What are the prime factors of 1461085043?
11, 17, 710299
List the prime factors of 47101015.
5, 13, 724631
List the prime factors of 595585169.
127, 137, 34231
What are the prime factors of 4938007526?
2, 139, 17762617
What are the prime factors of 2718622281?
3, 906207427
What are the prime factors of 8451949?
11, 768359
What are the prime factors of 3877885870?
2, 5, 47, 157, 52553
List the prime factors of 128855309.
11, 11714119
List the prime factors of 351253359.
3, 911, 42841
List the prime factors of 22880078.
2, 13, 23, 38261
List the prime factors of 67747.
37, 1831
What are the prime factors of 4853874370?
2, 5, 14033, 34589
What are the prime factors of 548566696?
2, 68570837
What are the prime factors of 331938632?
2, 71, 584399
What are the prime factors of 689015704?
2, 13, 701, 727
List the prime factors of 96705849.
3, 32235283
List the prime factors of 2173369324.
2, 7, 11088619
List the prime factors of 76922669.
76922669
What are the prime factors of 109628742?
2, 3, 227, 80491
List the prime factors of 297652085.
5, 23, 29, 149, 599
List the prime factors of 44967248.
2, 61, 46073
List the prime factors of 163259233.
443, 368531
What are the prime factors of 3614679643?
19, 491, 20393
List the prime factors of 135044874.
2, 3, 2500831
What are the prime factors of 140488712?
2, 7, 13, 192979
List the prime factors of 41079070.
2, 5, 4107907
List the prime factors of 2733258400.
2, 5, 179, 19087
What are the prime factors of 20324615?
5, 59, 68897
List the prime factors of 15408820.
2, 5, 7, 110063
List the prime factors of 2700883735.
5, 11, 49106977
What are the prime factors of 67379302?
2, 1873, 17987
List the prime factors of 1593794.
2, 193, 4129
List the prime factors of 4693697.
4693697
What are the prime factors of 22200018?
2, 3, 19, 193, 1009
List the prime factors of 3997438678.
2, 1998719339
What are the prime factors of 1458182267?
23, 63399229
List the prime factors of 745425812.
2, 43, 1171, 3701
List the prime factors of 115634184.
2, 3, 4818091
List the prime factors of 167326565.
5, 7, 53, 90203
List the prime factors of 794105283.
3, 4549, 58189
List the prime factors of 22133175.
3, 5, 43, 6863
List the prime factors of 2656981225.
5, 3259, 32611
What are the prime factors of 303287354?
2, 151643677
List the prime factors of 4983739913.
4983739913
List the prime factors of 3851964861.
3, 31, 313, 132329
What are the prime factors of 2615253?
3, 31, 61, 461
List the prime factors of 5604377.
461, 12157
List the prime factors of 1804239410.
2, 5, 17, 271, 39163
List the prime factors of 185213654.
2, 31, 503, 5939
List the prime factors of 842487.
3, 31, 9059
List the prime factors of 79178808.
2, 3, 3299117
List the prime factors of 64490720.
2, 5, 7, 71, 811
List the prime factors of 274520539.
17, 16148267
What are the prime factors of 142591969?
13, 37, 521, 569
List the prime factors of 164409904.
2, 10275619
What are the prime factors of 7397866?
2, 7, 528419
List the prime factors of 549684782.
2, 19, 347, 41687
What are the prime factors of 132377747?
61, 2170127
What are the prime factors of 498393781?
47, 10604123
What are the prime factors of 196059018?
2, 3, 67, 487709
List the prime factors of 100206844.
2, 71, 352841
What are the prime factors of 416443743?
3, 3163, 14629
What are the prime factors of 177135752?
2, 53, 417773
List the prime factors of 107269422.
2, 3, 13, 17, 80897
List the prime factors of 3129129346.
2, 7, 23, 367, 26479
What are the prime factors of 136639554?
2, 3, 127, 179317
List the prime factors of 1687018040.
2, 5, 727, 58013
List the prime factors of 89627565.
3, 5, 5975171
What are the prime factors of 469426964?
2, 23, 61, 233, 359
What are the prime factors of 16420965?
3, 5, 11, 23, 4327
List the prime factors of 267478838.
2, 11, 12158129
What are the prime factors of 1268256121?
11, 115296011
What are the prime factors of 2334786?
2, 3, 41, 9491
What are the prime factors of 29121819?
3, 9707273
What are the prime factors of 133820857?
19, 7043203
List the prime factors of 46668647.
46668647
What are the prime factors of 52931501?
7, 79, 95717
What are the prime factors of 682776876?
2, 3, 43, 269, 4919
What are the prime factors of 2788536322?
2, 11, 13, 1051, 9277
List the prime factors of 215420999.
215420999
What are the prime factors of 167640345?
3, 5, 461, 8081
List the prime factors of 43069866.
2, 3, 7, 829, 1237
What are the prime factors of 314640649?
1627, 193387
List the prime factors of 494965875.
3, 5, 1319909
List the prime factors of 4152457536.
2, 3, 17, 23, 55313
List the prime factors of 634490867.
41, 15475387
List the prime factors of 11236850.
2, 5, 224737
What are the prime factors of 268048103?
31, 151, 173, 331
What are the prime factors of 80865853?
127, 636739
What are the prime factors of 1421329064?
2, 17, 10450949
What are the prime factors of 3816453857?
3816453857
List the prime factors of 844765515.
3, 5, 11